 9*t**2 + 5*t - 22. What is n(-10)?
28
Let g(w) = -7*w + 10. Determine g(5).
-25
Let a(v) = -v**2 + 49*v - 146. What is a(46)?
-8
Let x(n) = -n**2 + n + 7. Calculate x(6).
-23
Let n(o) = -o**3 + 17*o**2 - 19*o + 39. Determine n(16).
-9
Let s(x) = x**2 + 2*x - 3. Give s(3).
12
Let t(r) = r**3 - 10*r - 10. What is t(4)?
14
Let s(v) = 2*v**2 + 18*v - 9. Give s(-9).
-9
Let j(g) = g**2 + 8*g - 8. Give j(-8).
-8
Let j(z) = -3*z**3 + 2*z**2 + 2*z + 1. Give j(-1).
4
Let k(w) = 2*w + 12. Give k(-8).
-4
Let i(o) = -o**3 - 2*o**2 - o - 41. Give i(0).
-41
Let p(t) = -t**3 + 6*t**2 + 14*t + 14. Calculate p(8).
-2
Let d(k) = 9*k - 47. What is d(6)?
7
Let w(o) = -5*o**2 - 3*o. Calculate w(-4).
-68
Let o(p) = p**2 + 12*p. Determine o(-12).
0
Let g(s) = -s**2 + 9*s - 1. Calculate g(7).
13
Let g(o) = -33*o + 73. Calculate g(2).
7
Let h(g) = -g**3 + 16*g**2. What is h(16)?
0
Let d(n) = -n**2 - 6*n + 2. Determine d(-8).
-14
Let b(q) = q**2 - 17*q - 478. Calculate b(-15).
2
Let s(z) = 3*z - 27. Give s(14).
15
Let k(i) = i**3 + 6*i**2 - 14*i + 3. Determine k(-8).
-13
Let k(f) = 8*f**2 - 2*f - 1. What is k(-1)?
9
Let i(z) = 5*z - 50. Calculate i(13).
15
Let k(l) = -l**3 - 3*l**2 + 9*l - 10. Calculate k(-5).
-5
Let g(z) = 2*z**2 - 9*z + 8. Calculate g(8).
64
Let g(l) = l**3 - 3*l**2 + 7*l. What is g(-4)?
-140
Let b(j) = 3*j + 8. Calculate b(5).
23
Let l(b) = 4*b**2 - 4*b - 3. Determine l(-2).
21
Let b(q) = 18*q - 125. Give b(7).
1
Let l(m) = m**3 - 8*m**2 + 6. Determine l(8).
6
Let n(p) = p - 2. Calculate n(-3).
-5
Let h(r) = r**3 - 3*r**2 - 12*r - 18. What is h(6)?
18
Let l(s) = 5*s - 4. What is l(-7)?
-39
Let x(d) = d**2 + 15*d + 51. What is x(-13)?
25
Let q(t) = 3*t**3 + 2*t**2 - 8*t - 4. Calculate q(-3).
-43
Let x(d) = 9*d**3 + d**2 - 2*d + 1. Determine x(1).
9
Let y(g) = 11*g**3 - 4*g**2 + 3*g + 6. Determine y(-1).
-12
Let u(x) = -7*x + 247. What is u(34)?
9
Let k(j) = -6*j + 17. Determine k(1).
11
Let d(n) = 2*n**3 + 18*n**2 + 15*n + 32. What is d(-7)?
123
Let n(x) = x**2 - 2*x - 6. Determine n(3).
-3
Let o(c) = 3*c**2 - 9*c - 1. Calculate o(4).
11
Let g(b) = -b**3 + 4*b**2 + 4*b - 1. Give g(5).
-6
Let s(t) = t**3 - t**2 + 2*t + 2. Give s(-4).
-86
Let i(v) = v**2 + 3*v + 2. What is i(-7)?
30
Let w(j) = j**2 + 14*j - 45. Calculate w(-17).
6
Let v(z) = 5*z + 19. Determine v(-5).
-6
Let v(o) = -o**2 + 7*o. What is v(5)?
10
Let h(d) = -d**3 - 15*d**2 - 53*d + 20. Calculate h(-7).
-1
Let t(z) = z**3 + 11*z**2 + 11*z + 9. Determine t(-9).
72
Let c(v) = -2*v**2 - v + 6. Calculate c(3).
-15
Let z(w) = -5*w - 11. Give z(6).
-41
Let a(g) = -6*g + 14. Determine a(4).
-10
Let m(p) = 2*p**2 - 5*p + 5. Calculate m(6).
47
Let b(c) = c**3 + 7*c**2 + 9*c + 16. Determine b(-6).
-2
Let y(u) = u**2 + 12*u + 3. Give y(-7).
-32
Let d(c) = -c**3 + 36*c**2 + 77*c - 49. Give d(38).
-11
Let x(y) = -y**2 + 13*y - 14. Determine x(12).
-2
Let a(s) = -s**2 + 20*s - 58. Give a(17).
-7
Let j(o) = -o**2 + 6*o + 7. Give j(6).
7
Let v(h) = -3*h**2 + 36*h + 5. Give v(12).
5
Let r(z) = -z + 5. Determine r(14).
-9
Let f(i) = -i**3 + 18*i**2 - 16*i - 15. Calculate f(17).
2
Let z(b) = b**3 - 16*b**2 + 20*b + 4. Calculate z(15).
79
Let j(k) = k**2 - 7*k - 4. Determine j(5).
-14
Let z(l) = -l - 1. Determine z(-11).
10
Let d(t) = -t**2 + 45*t - 328. Determine d(9).
-4
Let r(o) = 2*o**2 - 3*o - 5. Determine r(6).
49
Let l(b) = b**3 - 10*b**2 + 8*b - 5. Determine l(9).
-14
Let x(y) = -11*y + 1. Calculate x(-5).
56
Let b(g) = g**3 + 5*g**2 - g + 5. Determine b(-3).
26
Let u(v) = v**3 - 4*v**2 - v + 7. Give u(3).
-5
Let p(m) = -3*m + 3. Calculate p(-5).
18
Let x(k) = -8*k + 47. Give x(9).
-25
Let y(q) = 2*q + 18. Give y(9).
36
Let z(u) = 2*u + 2. Calculate z(2).
6
Let x(r) = -2*r**3 + 2*r**2 + 3*r + 3. Determine x(3).
-24
Let f(w) = w**2 - 5*w + 2. What is f(3)?
-4
Let s(q) = q**2 - 3*q - 8. Give s(5).
2
Let k(d) = d - 9. Determine k(7).
-2
Let k(g) = g**2 - 15*g + 28. Determine k(12).
-8
Let h(s) = -3*s - 56. What is h(-20)?
4
Let s(o) = -8*o - 4. Give s(-4).
28
Let q(u) = u**2 + u - 12. Calculate q(0).
-12
Let c(s) = -14*s**2 - 4*s - 2. Determine c(-1).
-12
Let h(b) = b**3 + 9*b**2 + 5*b + 14. What is h(-5)?
89
Let b(l) = 26*l**3 + l**2 + 2*l. What is b(-1)?
-27
Let n(f) = 3*f**2 - f + 4. What is n(0)?
4
Let s(q) = -q**2 + q - 3. Determine s(5).
-23
Let x(p) = -9*p - 84. What is x(-9)?
-3
Let d(r) = -r**2 + 14*r - 8. Determine d(10).
32
Let a(c) = -c**3 - 4*c**2 + 42*c + 9. Calculate a(5).
-6
Let a(l) = -6*l + 9. Determine a(9).
-45
Let m(v) = -v**3 - 14*v**2 - 8*v - 16. What is m(-13)?
-81
Let n(q) = q**2 + 28. Determine n(0).
28
Let g(t) = 9*t + 2. What is g(-1)?
-7
Let d(u) = -u**3 + 8*u**2 + 6*u + 28. What is d(9)?
1
Let o(s) = 11*s - 34. Give o(12).
98
Let t(k) = -k**2 + 2*k - 4. Give t(-3).
-19
Let z(v) = -9*v + 7. Calculate z(2).
-11
Let p(y) = 5*y + 8. Give p(-8).
-32
Let m(y) = -60*y**2 - y. Calculate m(1).
-61
Let h(n) = n + 4. Calculate h(0).
4
Let y(a) = 7*a + 26. Give y(-5).
-9
Let q(k) = k**3 - 4*k**2 - 12*k - 9. What is q(6)?
-9
Let i(s) = -3*s**2 - 14*s - 9. What is i(-6)?
-33
Let w(o) = 2*o**2 + 11*o + 2. Determine w(-5).
-3
Let z(m) = -8*m - 13. Determine z(-11).
75
Let j(o) = o**3 - 2*o**2 + 3*o - 7. Give j(0).
-7
Let c(j) = -j**3 - 4*j**2 + j - 6. Calculate c(3).
-66
Let n(b) = 19*b + 186. Determine n(-10).
-4
Let s(w) = w**3 + 22*w**2 + 20*w - 20. What is s(-21)?
1
Let v(a) = -9*a - 68. What is v(-8)?
4
Let f(z) = z - 43. Determine f(33).
-10
Let t(m) = -m + 3. Calculate t(-10).
13
Let h(z) = -3*z**2 - 3*z. What is h(-3)?
-18
Let x(m) = -2*m**2 - 6*m + 7. Calculate x(-5).
-13
Let r(t) = t**3 - 3*t**2 - 2. What is r(3)?
-2
Let b(j) = -j + 2. Give b(2).
0
Let b(i) = i**2 - 4*i - 373. Determine b(-17).
-16
Let q(x) = -22*x + 25. Calculate q(4).
-63
Let h(u) = -8*u + 22. Calculate h(4).
-10
Let r(i) = i**3 + 3*i**2 - 5*i - 16. Give r(-3).
-1
Let y(v) = v - 17. Determine y(11).
-6
Let a(l) = l**3 - 5*l**2 - 12*l - 11. Determine a(7).
3
Let l(z) = -z**3 + z**2 + 2*z - 2. Determine l(-2).
6
Let r(f) = 12*f**3 - f**2 - 2*f - 6. Determine r(-2).
-102
Let a(x) = 9*x - 35. What is a(5)?
10
Let d(n) = 5*n**2 + n. Calculate d(2).
22
Let g(l) = -l**3 - 32*l**2 - 2*l - 67. What is g(-32)?
-3
Let s(o) = o**3 - 23*o**2 + 22*o + 2. Determine s(22).
2
Let o(b) = b - 5. Give o(6).
1
Let n(f) = -f**2 - 7*f. Calculate n(-7).
0
Let i(v) = -v**2 + 11*v - 9. Give i(6).
21
Let s(y) = -y**3 - 6*y**2 - 4*y + 8. Give s(-4).
-8
Let q(i) = 5*i + 2. Calculate q(-2).
-8
Let u(w) = -w**3 - 20*w**2 - 5*w + 49. Give u(-20).
149
Let n(w) = w - 3. Determine n(4).
1
Let k(b) = -b**3 - 7*b**2 - 9*b - 4. Give k(-2).
-6
Let f(t) = t**3 + 10*t**2 + 10*t + 9. Determine f(-7).
86
Let w(d) = -d**3 - 8*d**2 + 60. Give w(-7).
11
Let z(q) = -q**2 + 13*q - 7. What is z(9)?
29
Let h(l) = 11*l + 55. Give h(-5).
0
Let i(m) = m**3 - 2*m**2 + 4*m - 10. What is i(4)?
38
Let z(u) = -6*u**3 - 7*u**2 - 3*u - 4. Give z(-3).
104
Let t(k) = -k**2 - 9*k - 10. What is t(-7)?
4
Let v(k) = -k**3 + 12*k**2 - 19*k - 1. Determine v(10).
9
Let b(r) = -4*r**2 + 9*r + 9. Calculate b(-4).
-91
Let b(q) = 6*q + 3. What is b(-4)?
-21
Let m(j) = j**3 + 56*j**2 + 111*j + 159. What is m(-54)?
-3
Let i(l) = -l - 1. Calculate i(-2).
1
Let f(q) = q**3 - q**2 - 2*q - 1. Determine f(-1).
-1
Let a(s) = s**3 - 17*s**2 + 63*s + 75. Determine a(8).
3
Let c(d) = d**3 - 5*d**2 - 5*d + 2. Calculate c(6).
8
Let c(p) = 5*p - 4. What is c(-4)?
-24
Let c(q) = q**2 - 3. What is c(0)?
-3
Let k(q) = q**2 - 19*q + 76. Give k(6).
-2
Let b(k) = 2*k**3 + 10*k**2 - 10*k - 5. What is b(-6)?
-17
Let x(a) = 9*a - 12. Calculate x(9).
69
Let h(p) = -3*p + 30. Give h(-8).
54
Let o(r) = -r**3 - 2*r**2 + 5*r + 1. Determine o(-4).
13
Let r(a) = -9*a - 6. Determine r(4).
-42
Let s(m) = -7*m**2 + 62*m. Determine s(9).
-9
Let c(k) = k**3 - 8*k**2 - 26*k + 64. Determine c(10).
4
Let l(r) = -r**3 - r**2 + r + 15. Calculate l(0).
15
Let t(m) = m**2 - 10. Calculate t(0).
-10
Let m(s) = -s**2 + 2*s + 50. Determine m(10).
-30
Let c(m) = -4*m**2 - 9*m + 3. Calculate c(-4).
-25
Let p(h) = 9*h + 489. Calculate p(-55).
-6
Let n(h) = -h**3 - 20*h**2 - 20*h - 14. Determine n(-19).
5
Let a(g) = -2*g**2 + 12*g - 6. What is a(6)?
-6
Let t(l) = 5*l**2 - 31*l - 2. Give t(6).
-8
Let u(h) = -3*h - 3. Determine 